*b**3 - 1/12*b**j + 2*b. Determine c(-5).
0
Let r(d) be the third derivative of -d**5/120 + d**4/12 + d**3/6 + d**2. Let c(f) be the first derivative of r(f). Calculate c(-6).
8
Let v be (-5)/(-8)*2*4. Let p(q) = -q - 9. Let j be p(-11). Let k(g) = -6*g**j + g**3 + 2 - g + 9*g + 0*g**2 - 5*g. What is k(v)?
-8
Let g(b) = -15 + 7*b**3 + 30 - b**2 - 14 - b. Suppose -5 + 2 = -v. Suppose 0 = h - v*h + 2. Give g(h).
6
Suppose 0 = 3*q + 2 + 1. Let h = 1 + q. Let d(a) = a - 10. What is d(h)?
-10
Let m(k) = 2*k + 5. Let i = 0 + -6. Determine m(i).
-7
Let x(w) = 5*w + 1. Let j(c) = 3*c**3 - 27*c**2 - 23*c + 32. Let p(f) = f**3 - 14*f**2 - 12*f + 16. Let r(u) = 2*j(u) - 5*p(u). Let o be r(-15). Give x(o).
-4
Let k(v) = -3*v**2 - 5*v + 9. Let o(r) = 4*r**2 + 4*r - 10. Let h(a) = -5*k(a) - 4*o(a). Determine h(8).
3
Let s(r) = -r**2 - 7*r + 1. Let f be s(-7). Let q(n) = n - 1. Let d(x) = 4*x - 1. Let z(i) = f*d(i) - 2*q(i). Calculate z(1).
3
Let r be (-37)/((-2 + 4)/(-2)). Suppose 2*q = 3*l + 19, -3*l - r = -3*q - 16. Let s be 1*(-1 + 1 + l). Let y(m) = -m**3 - 4*m**2 + 4*m + 4. What is y(s)?
9
Let k(y) = -3*y - 5. Let j be k(-4). Suppose -1 = 4*u + j. Let h(c) = -2 - 6*c + 3*c + c. Give h(u).
2
Suppose -4*g = -3*j - 13, -5*g + 2*j + 31 = 13. Let p(y) = y**2 - 3*y - 3. Give p(g).
1
Let u(c) be the third derivative of c**5/60 - c**4/24 + 11*c**2. Let k be (-1)/(-5) - (-14)/5. Let a = k - 2. Calculate u(a).
0
Let c(o) be the first derivative of o**2 - 8*o + 24. What is c(-7)?
-22
Let s = 16 + -17. Let w(q) = 2*q**3 + 3*q**2 + 5*q - 8. Let j(x) = x**3 - 1. Let f(z) = s*w(z) + 4*j(z). Give f(3).
16
Suppose -5*n + 15 = -v, -4*n - 2*v + 26 = -0*v. Let a(q) = -2 + q - 3 + n. What is a(-3)?
-4
Let q be -1 + 2 + 1/(-1). Let j(d) = -2*d + d + q*d + 2. Let p = 2 - 0. What is j(p)?
0
Let h(z) = -2*z + 4. Let x be h(3). Let a(m) = 2*m**2 + 2. What is a(x)?
10
Suppose 0 = -s - 3*s - 12. Suppose 0*g = -5*g + 25. Let h(x) = g*x - 2*x - 2*x + 7. Give h(s).
4
Let g = -3 + 3. Let h(k) be the second derivative of k**3/6 + 4*k**2 - 7*k. Calculate h(g).
8
Suppose -3*k + k - 2*v - 32 = 0, 0 = 3*k + 5*v + 54. Let r = k + 8. Let l(z) = -3 - z + 1 - 4. What is l(r)?
-1
Let h(x) = 9*x**3 + x**2 + x - 8. Let r(f) = 5*f**3 - 4. Let y(w) = -4*h(w) + 7*r(w). Calculate y(-4).
20
Let f be 3 - -1*2 - 1. Let p(u) = -2 + f*u**2 + 0 + u - 1 - 7*u + u**3. Give p(-5).
2
Let o be -5*1*(0 + -1). Let s(y) be the second derivative of -1/2*y**2 - y + 0*y**3 + 1/3*y**4 + 0 - 1/20*y**o. Calculate s(4).
-1
Let y(c) = -c**2 + 5*c - 2. Let m be y(3). Let i(z) = 2*z - 5. Give i(m).
3
Let x(j) = j**3 + 5*j**2 + 3*j - 3. Let d = 7 - 11. Let h = -9 - d. Let k = 2 + h. What is x(k)?
6
Let r be 2/4 + 21/6. Let o(f) = -f**2 + 0*f**2 + f + 2*f**2 + r. Let j be (-2)/4*0/(6 - 4). Calculate o(j).
4
Let z(x) = -1 - x + 3*x + 4*x. Determine z(2).
11
Let p(u) = 20 - 3*u + 8*u**3 - 16 - 5*u**2 - 9*u**3. Determine p(-4).
0
Let s(p) = p**2 + 8*p + 3. Let o be s(-7). Let v(a) be the third derivative of -a**4/24 + 5*a**3/6 + 9*a**2. Give v(o).
9
Suppose 14 + 14 = -4*o. Let a(b) = -b**3 - 7*b**2 + b + 8. Let s be a(o). Let t(l) = -9*l**3 + 2*l**3 + 0*l**2 + l - 2*l**2. Give t(s).
-8
Let f(u) be the second derivative of -u**6/720 - u**4/3 - 5*u. Let h(n) be the third derivative of f(n). Give h(6).
-6
Let y(i) = -i**3 - 3*i**2 - 3*i - 3. Let j = -7 + 11. Let k be (-3 + j)*3 + -5. Give y(k).
-1
Let t be (-59)/(-5) + (-1)/(-5). Suppose m - t = 4*m. Let i(o) = -o**3 - 6*o**2 - 5*o + 3. Give i(m).
-9
Let t(l) = -14*l. Let m(b) = -b - 5*b + 13*b. Let f(a) = -7*m(a) - 4*t(a). Determine f(-1).
-7
Let z(f) = f**2 - 5*f + 6. Let l be z(6). Let o = -13 + l. Let i(r) = 7*r**3 + r**2 + 2*r + 1. What is i(o)?
-7
Suppose -v + 1 + 4 = 0. Let a = v - 3. Suppose -5*j - 1 = 5*i - 6, 0 = 4*j + 2*i - a. Let k(h) = -h**3 + h - 3. Calculate k(j).
-3
Let j(p) = p + 5 - 2*p - 7*p**3 + 5*p**3 + 3*p**3 - 11*p**2. Calculate j(11).
-6
Let f be (-70)/(-21) - 4/(-6). Let m(t) = -t**2 + 5*t - 4. What is m(f)?
0
Let d(b) = b**3 - b**2 + b. Suppose 2*t - 7*t = -15. Suppose -4 - 2 = -t*o. What is d(o)?
6
Let f(s) = -s**2 + 5*s + 7. Suppose 0 = 3*o + 2 + 16. Let v(m) = m + 2. Let j be v(o). Let b(x) = -x**2 - 4*x + 5. Let d be b(j). Calculate f(d).
7
Suppose -j = n - 0*n + 2, 2*n = j - 7. Let i be -2 - (-2 - 0) - n. Let b(w) = -3*w**2 - 7*w**3 - 1 + i*w**2. What is b(-1)?
6
Let g(j) = -j**2 + 7*j - 4. Let f be g(6). Let m = -5 + 8. Let s(u) = m*u + 2*u**2 + 0*u**f + 3 + 0*u. Calculate s(-2).
5
Suppose -2*u = 5*d + 20 + 4, -3*d = -2*u - 8. Let g(s) = s**3 + 7*s**2 + s + 10. Determine g(u).
3
Let f(w) = -2*w**3 - 5*w**2 - 7*w - 1. Let j be f(-2). Let y(b) = b**2 - 8*b - 10. Determine y(j).
-1
Let u(s) = -2*s. Let k be u(-1). Let m(f) = -f**2 + f - 1. Let p(r) be the first derivative of 4*r**3/3 - r**2/2 + 2*r - 2. Let j(t) = 5*m(t) + p(t). Give j(k).
1
Suppose r - 6 = -0*r. Let l(h) be the first derivative of -h**2/2 + 9*h - 2. What is l(r)?
3
Suppose 2*c = -4*i + 3*c - 21, c = i + 6. Suppose 5*g - 36 = 2*k, -5*g = 3*k - 12 - 34. Let u(a) = 10 - 3*a + 2*a - g. Determine u(i).
7
Let y(q) be the first derivative of 5*q**3 + 11/4*q**4 + 5*q - 15/2*q**2 + 2. Let p(k) = 5*k**3 + 7*k**2 - 7*k + 3. Let o(a) = 13*p(a) - 6*y(a). Determine o(0).
9
Let i(o) be the third derivative of o**4/24 - 2*o**3/3 - 5*o**2. Calculate i(3).
-1
Let j(y) = -y + 2. Let b(g) = -g. Let q(k) = 4*b(k) + j(k). Let u(x) = 16*x - 5. Let w(o) = -8*q(o) - 3*u(o). Calculate w(-1).
7
Suppose -x + 2*i - 1 = 3, -2*i - 16 = 4*x. Let m(r) be the second derivative of -r**3/6 - r**2/2 + 2*r. Give m(x).
3
Let f = 6 - 0. Let u(o) = o**3 + 23 - 23 + o. Let g(d) = 5*d**3 - 6*d**2 + 5*d - 8. Let y(r) = g(r) - 4*u(r). Give y(f).
-2
Suppose -2*g + 6*k - 34 = 2*k, -5*g - 4*k - 15 = 0. Let z(a) = -a**3 - 7*a**2 + 2*a - 2. What is z(g)?
-16
Let z(q) be the first derivative of -q - q**2 + 2 - 2/3*q**3. Let h(p) = p - 4. Let s be h(2). Determine z(s).
-5
Let r(s) = s + 1. Let y be (-8)/(-3) - (-10)/(-15). Calculate r(y).
3
Let c(q) be the first derivative of 8*q**3 - q - 24. What is c(1)?
23
Let g(i) = -i + 1. Suppose 0 = 5*d - 6*d + 5, 4*p + 3*d - 35 = 0. Determine g(p).
-4
Let z(o) = o**2 + 7*o. Let y be z(-7). Let w = y - 0. Let h(c) = c**2 - c - 1. Let r(d) = d**2 - 2*d - 3. Let p(b) = 2*h(b) - r(b). Determine p(w).
1
Let w be 7*(-2*1 + 1). Let m(x) = -4 - 3*x + 10 + 1. Let y(t) = -t + 2. Let a(p) = w*y(p) + 2*m(p). What is a(-4)?
-4
Let s(r) = 2*r**2 - 7*r + 5. Let z(y) = y**2 - y. Let n(j) = s(j) - z(j). Suppose t = -b + 1, 2*b = t - 2*b - 21. Determine n(t).
0
Let c(f) = -f**3 + 4*f**2 - 2*f + 1. Let h = 19 + -22. Let z = 1 - h. Give c(z).
-7
Let p(s) = 0*s**2 + 2 + 4*s**2 + 2*s**3 + s**2 - 5 + s. Give p(-3).
-15
Let h(m) = -m**2 + 5*m + 4*m**2 + 5 - m**2 - 3*m**2. Calculate h(6).
-1
Let r = -2 - -6. Let v(k) = -2*k - r + 8 - 2. What is v(4)?
-6
Let y(o) = -o**2 - 4*o - 1. Suppose c - 3 - 6 = 0. Let m be (6/(-12))/((-2)/24). Let x = m - c. Determine y(x).
2
Let o(r) = 2*r + 3. Suppose -z = -3*m + 18, z - 2*m + 0 = -13. Let u = z - -1. Give o(u).
-1
Let f(o) = -8*o**3 + 13*o**3 - 5*o**2 + 0 - 6*o**3 + 2. Calculate f(-5).
2
Suppose 4*g = 11*g + 28. Let k(z) = -z**3 - 4*z**2 - 2*z - 5. Calculate k(g).
3
Let w(y) = -y**3 + 6*y**2 + 6*y - 6. Let i(a) = a**3 - 6*a**2 - 5*a + 5. Let o(v) = -5*i(v) - 4*w(v). Let m be o(6). Let f(q) = -q**2 + 6*q + 1. Calculate f(m).
6
Let l(q) = q**2 - 8*q - 4. Let b = 13 - 6. Give l(b).
-11
Let w(c) = -16*c + 0*c**2 + 17*c + 9 + 3*c**2 - 4*c**2. Let i = 1 - 1. Give w(i).
9
Let m(r) = r**2 + 5*r - 11. Let g be m(2). Let z(l) = -l**2 + l + 1. Calculate z(g).
-5
Let f(o) = o**2 - o + 2. Let g be f(2). Let a(v) = 4*v**3 + 1 + g*v - 2*v + 2*v**2 - 5*v**3 - 3. What is a(2)?
2
Suppose -24 = 2*t - 4*q, 3*t - 3*q = 2*t - 17. Let c(b) = 3*b. Let w be c(t). Let d(p) = -13*p - 4. Let v(k) = 7*k + 2. Let h(r) = 6*d(r) + 11*v(r). Give h(w).
4
Let p = -74 - -74. Let d(u) = -u - 17. What is d(p)?
-17
Let t(o) = o**3 + o**2 - 5. Let c = -14 - -25. Let f = c + -8. Suppose -f*h = h. Calculate t(h).
-5
Let h(b) = b**2 - 9*b + 2. Let l be h(10). Let w = 18 - l. Let i(z) = -z + 2. What is i(w)?
-4
Let c(q) = -12*q + 3 - 4 + 13*q + 6. Suppose 0 = 4*i + i, 4*i = 4*u - 12. Let m = -7 + u. Determine c(m).